re the prime factors of g?
2, 3, 3571
Let s = -86 - -124. Let v = 2505 + -2501. Suppose u - 7 - s = 2*t, 0 = -3*u - v*t + 185. List the prime factors of u.
5, 11
Let j = -2729 + 4208. Let x = -740 + j. What are the prime factors of x?
739
Suppose -4*z = -2594 + 122. Suppose -2*l + 2*o = -234, -5*l + z - 24 = -2*o. Suppose -l = 6*p - 564. What are the prime factors of p?
2, 37
Let q(t) = 13*t**2 + t + 18. What are the prime factors of q(-20)?
2, 23, 113
Suppose 2*i - 37524 = -2*u, 775*i - 771*i - 8 = 0. What are the prime factors of u?
2, 5, 7, 67
Suppose -42*i + 41292 = -424813 - 1607. What are the prime factors of i?
2, 3, 29
Let o = -5628 - -6732. What are the prime factors of o?
2, 3, 23
Let r = -534 + 899. Suppose 5*b - 5*p - 3695 - r = 0, -3251 = -4*b + 3*p. List the prime factors of b.
5, 163
Suppose -3251 = -4*c + 701. List the prime factors of c/6 + 2/6.
3, 5, 11
Let w = -2409 - -4436. List the prime factors of w.
2027
Suppose -78*z = -73*z - 9882 - 20538. List the prime factors of z.
2, 3, 13
Suppose 38*v - 164517 + 27336 = 631179. What are the prime factors of v?
2, 3, 5, 337
Let g = 207 - 206. List the prime factors of 1 - (2 + -341 + g).
3, 113
Let p(b) = -b**3 + 18*b**2 - 25*b + 64. Let t be p(18). Let u = -117 - t. What are the prime factors of u?
269
Suppose -81 - 805 = 2*s. Let l = 937 + s. List the prime factors of l.
2, 13, 19
Suppose -12600 = 6*n + 3*n. List the prime factors of 156/(-5)*n/60.
2, 7, 13
Let h(o) = o**3 - 7*o**2 - 9*o + 11. Let p be h(7). Let f = p + 103. Let b = 345 - f. List the prime factors of b.
2, 3, 7
Let p(h) = 475*h - 3595. List the prime factors of p(8).
5, 41
Suppose 4*w + q = 7, -5*q - 19 = 6. Suppose -w*t = -4*r - r - 16, 6 = 3*t. List the prime factors of -4 - (4 + r*45).
2, 41
Let f(a) = a**3 + 10*a**2 + 20*a + 34. Let g be f(-8). Suppose -m - 4*j + 523 = -5*j, -3*m - g*j = -1579. What are the prime factors of m?
3, 5, 7
Let b = -386 + 73. Let x = 569 + b. List the prime factors of x.
2
Suppose -v + 8 = h, -18 + 28 = 2*h. Suppose -4*k + 0*g - 4*g = -1072, -v*k + 792 = -3*g. What are the prime factors of k?
2, 7, 19
Suppose -24*b + 3*b + 126312 + 33351 = 0. List the prime factors of b.
7603
Let w = 69999 - 37246. List the prime factors of w.
7, 4679
Let y be (-165)/20 - (-5)/20 - -4. List the prime factors of 867 + (6 - 2) - (y + 9).
2, 433
Let c be (1 + 174/18)*-12. Let n = c + 197. What are the prime factors of n?
3, 23
Suppose -3*b + 7*b + 5*g - 99 = 0, -4*b + 4*g + 144 = 0. Let a = -3988 + 3966. Let k = b + a. What are the prime factors of k?
3
List the prime factors of (1100858/3)/(-11)*10/(80/(-12)).
11, 4549
What are the prime factors of (934632/(-126))/(-1)*(-56)/(-12)?
2, 4327
Suppose 2*c + 3*c - 15235 = 0. Suppose -6*u - 4*q + c = -u, 2*u - q = 1224. What are the prime factors of u?
13, 47
Let y be (-70)/(-10) - (-1)/(2/2). Let s be (-2 - 1) + (-12)/y*-42. Suppose 5*u - 2*f = s, 0*u + 12 = u - 5*f. What are the prime factors of u?
2, 3
Suppose 4*y - 87359 = 5*f, 1921 = y + 4*f - 19945. What are the prime factors of y?
2, 3, 11, 331
Let b(s) = -s**3 + 18*s**2 - 18*s - 35. Let m be b(18). Let g = m + 652. List the prime factors of g.
293
Suppose -12*w + 362368 = 2*w + 2*w. List the prime factors of w.
2, 19, 149
Suppose 6 = 2*f + 3*q, 0 = -4*q + 6*q - 4. Suppose 5*r + f*g - 7 = 3*g, 7 = r - 2*g. List the prime factors of (r - 0)/((-3)/129).
43
Let i be (((-18)/(-21))/((-1)/7))/(-2). Let h be i*3 + -1 + -4. Suppose 0 = 5*v + h*a - 960, -87 = -2*v - 3*a + 297. List the prime factors of v.
2, 3
Suppose 105*s = 134*s + 29. Let j(o) be the third derivative of 31*o**5/30 + o**4/6 + o**3/3 + o**2. List the prime factors of j(s).
2, 3, 5
Suppose -8*h + 12358 = 8870. List the prime factors of h.
2, 109
Suppose -114496 = -4*l - 2*g, 6*l - 3*g = 14*l - 228990. List the prime factors of l.
3, 7, 29, 47
Suppose 448*c - 483*c + 1487815 = 0. List the prime factors of c.
42509
Suppose w + 5738 = 23*w - 136. Suppose 0 = b + 3*b + 144. Let i = b + w. List the prime factors of i.
3, 7, 11
Suppose -753 - 339 = 3*b. Let i = b - -44. What are the prime factors of i/(-6) - 8*6/144?
53
Suppose 2*k = 5*p - 0*k - 807, 2*p = -2*k + 334. Suppose -159*o - 88 = -p*o. What are the prime factors of o?
2, 11
Let z(t) = 2227*t - 4506. List the prime factors of z(21).
3, 14087
Suppose -5*s = t + 97, -2*s = -6*s - 3*t - 82. List the prime factors of (s - 1963)/(2*-1).
991
Suppose 0 = 6*o - 16*o + 40. Suppose -3*q - o*z = -1462, 3*q - 9*z = -10*z + 1459. What are the prime factors of q?
2, 3
Let k be 4 + (-5)/10*(-10 - -6). List the prime factors of (980/(-40))/((-1)/28) + k.
2, 173
Let m = -21 + 21. Suppose 5*q = -0 - m. List the prime factors of 15 - (-2 + 6 + q).
11
Suppose 10*b = 18*b + 72. Let h be (-177)/b - (-3)/9. Let c = 65 - h. What are the prime factors of c?
3, 5
Suppose 9*k - 217*k + 40*k = -1692768. What are the prime factors of k?
2, 11, 229
Suppose -232979 = -104*f + 1277933. List the prime factors of f.
2, 227
Suppose -4*g + 37647 = 4*r - 97513, -5*g - 3*r + 168940 = 0. What are the prime factors of g?
5, 29, 233
Let n(z) = z**3 - 6*z**2 - 4*z - 33. Suppose 16 = -51*h + 53*h. List the prime factors of n(h).
3, 7
What are the prime factors of -7 - (14 + -17 - 266)?
2, 131
Let v = 2226 + 777. List the prime factors of v.
3, 7, 11, 13
List the prime factors of (-4)/46 + 54*264517/506.
28229
Suppose 2*r - 2114 = -5*h, -h = -9*h + 16. What are the prime factors of r?
2, 263
Let s = -4815 - -16502. List the prime factors of s.
13, 29, 31
Suppose 0 = -3*a - f + 62907, -14*a + f = -10*a - 83862. What are the prime factors of a?
3, 29, 241
What are the prime factors of -3*2/(-27) + 50882973/5157?
3, 11, 13, 23
Let d = -107 - -35. Let f = 443 + d. List the prime factors of f.
7, 53
Suppose 15*b - 12137 = 973. Suppose 4*v + 15*v = b. Let l = 49 - v. List the prime factors of l.
3
Suppose 4*s = s + 10*s - 186403. What are the prime factors of s?
31, 859
Suppose 62*s = -53*s + 164910. What are the prime factors of s?
2, 3, 239
Let m be (-61940)/(-14) - ((-324)/42 + 8). Suppose m = 15*i - 8*i. What are the prime factors of i?
2, 79
Let r be 9108/45 + (-12)/(-20). Let t = r - 95. List the prime factors of t.
2, 3
Suppose 3*n = -3, 2*x - 2*n = 4 + 8. Suppose 0 = 5*d - 2035 + 265. Suppose m - c - 74 = -2*c, x*m - 3*c = d. What are the prime factors of m?
2, 3
Suppose -1951 = -16*n + 3137. Let s = n + -192. What are the prime factors of s?
2, 3, 7
Let k be -6*1*(-10)/6. Let a(f) = -8*f + 6*f**2 + 3*f + 41 + 4*f**2 - 8*f - 9*f**2. List the prime factors of a(k).
11
Let w = 78 + -76. Suppose 147 = w*u + 5*c + 450, 4*c + 4 = 0. Let r = -52 - u. List the prime factors of r.
97
Suppose -66*p + 42*p + 733176 - 262560 = 0. List the prime factors of p.
19609
Let l(w) = 725*w**2 - 28*w - 59. List the prime factors of l(-5).
2, 9103
Let g(q) = 24*q - 68. Let d be g(3). Suppose 0 = -3*y + d*r + 3349, 152 = y - r - 965. What are the prime factors of y?
3, 373
Let d = 128765 + -87187. List the prime factors of d.
2, 20789
Suppose -3*k + 1147*r + 71302 = 1142*r, -2*r = -3*k + 71323. List the prime factors of k.
7, 43, 79
Let h(u) = 116*u**3 - 18*u**2 + 34*u - 8. What are the prime factors of h(4)?
2, 227
Suppose 0*t = 5*t - 20. Suppose -3*q + 254 = 2*m, t*m - q = -4*q + 502. Let f = m + -49. What are the prime factors of f?
3, 5
Let b = 100 + -292. Let c = 875 + b. List the prime factors of c.
683
Suppose -5*i + a = -2*a - 22, -5*a - 12 = 4*i. Suppose 12 = 3*m - 2*j, 6*j - i*j = -m - 10. Suppose -m = r + r, 0 = w - r - 58. List the prime factors of w.
3, 19
Suppose -43 = -y - 3*g, 3*y - 3*g = 2*y + 61. Let f = y + -49. Suppose f*m - 97 = 20. What are the prime factors of m?
3, 13
List the prime factors of 56075/50*(-12)/(1 + -3).
3, 2243
Let r(j) = -j - 13. Let m be r(-14). What are the prime factors of (170/(-4))/(-3*m/6)?
5, 17
Let b(u) = u - 368. Let p be b(24). Let f = p + 661. What are the prime factors of f?
317
Suppose -5*g - 15 = 0, -4*j + j - 4*g + 38643 = 0. List the prime factors of j.
3, 5, 859
Let g(r) = 11*r**2 - 3*r + 1. Let u be ((-14)/9)/(-7) - (-129)/27. Suppose 0 = 4*z - s - 15, 5*z - 5 - 10 = u*s. List the prime factors of g(z).
3, 5, 11
Let r(q) = -q**2 - 7*q + 32. Let p = 113 + -121. Let i be r(p). What are the p